{"id":35,"date":"2015-09-27T14:56:41","date_gmt":"2015-09-27T13:56:41","guid":{"rendered":"http:\/\/stud-du-sud.com\/wordpress\/?page_id=35"},"modified":"2026-02-19T11:28:51","modified_gmt":"2026-02-19T10:28:51","slug":"le-studio-la-regie","status":"publish","type":"page","link":"http:\/\/stud-du-sud.com\/wordpress\/?page_id=35","title":{"rendered":"La R\u00e9gie"},"content":{"rendered":"<h2>La R\u00e9gie<\/h2>\n<p><img loading=\"lazy\" decoding=\"async\" class=\"alignleft wp-image-1566 size-full\" title=\"La R\u00e9gie\" src=\"http:\/\/stud-du-sud.com\/wordpress\/wp-content\/uploads\/2015\/10\/DSC_0551.jpg\" alt=\"\" width=\"6000\" height=\"4000\" srcset=\"http:\/\/stud-du-sud.com\/wordpress\/wp-content\/uploads\/2015\/10\/DSC_0551.jpg 6000w, http:\/\/stud-du-sud.com\/wordpress\/wp-content\/uploads\/2015\/10\/DSC_0551-300x200.jpg 300w, http:\/\/stud-du-sud.com\/wordpress\/wp-content\/uploads\/2015\/10\/DSC_0551-768x512.jpg 768w, http:\/\/stud-du-sud.com\/wordpress\/wp-content\/uploads\/2015\/10\/DSC_0551-1024x683.jpg 1024w\" sizes=\"auto, (max-width: 6000px) 100vw, 6000px\" \/><\/p>\n<p>La R\u00e9gie du <a href=\"http:\/\/stud-du-sud.com\/wordpress\" target=\"_blank\" rel=\"noopener\">Stud du Sud<\/a> fait plus de 35 m\u00b2.<\/p>\n<p>Une table de mixage <a href=\"https:\/\/fr.audiofanzine.com\/console-analogique\/ssl\/4000-g\/\" target=\"_blank\" rel=\"noopener\">SSL 4000 G+<\/a> re\u00e7oit les signaux de toutes les salles annexes, ainsi que des 48 entr\u00e9es \/ sorties de nos 4 convertisseurs. Une table <a href=\"https:\/\/fr.audiofanzine.com\/console-numerique\/soundcraft\/si-impact\/avis\/\" target=\"_blank\" rel=\"noopener\">Soundcraft Si Impact<\/a>, pilotable par tablette dans tout le complexe, permet de g\u00e9rer les circuits retours musiciens ( par d\u00e9faut 8 circuits st\u00e9r\u00e9os, duplicables si besoin, et 8 autres circuits monos ).<\/p>\n<p>La table principale re\u00e7oit 72 XLR en provenance des 2 salles de prise, coin synth\u00e9, et des 3 \u00ab\u00a0Box amplis\u00a0\u00bb&#8230;<\/p>\n<p>Un circuit HDMI traverse tout le studio ( les salles de prise ainsi que la R\u00e9gie ), permettant aux musiciens d&rsquo;avoir l&rsquo;\u00e9cran Protools ( ou autre DAW ) o\u00f9 qu&rsquo;ils soient dans le studio.<\/p>\n<p>Une belle collection de P\u00e9riph\u00e9riques ( Urei LA2A, UA 1176 Rev A et F, Neve 33609, Summit TLA100, Retro 176, Joemeek Vintages, GAP COMP 3A, AudioTouch C-BUSS, Pultec EQP1A, Lexicon 480L 224X PCM70, PCM60, PCM80, EchoPro Line6, Eventide H3000, Midas XL42, Aurora Audio GTQ2, SoundSkulptor 573, IGS One LA 500, &#8230; ) est \u00e9galement c\u00e2bl\u00e9e sur le patch de la SSL&#8230;<\/p>\n<p>La SSL est \u00e9galement pourvue d&rsquo;une Automation moderne Tangerine qui permet d&rsquo;enregistrer les mouvements de Faders directement dans Protools&#8230;<\/p>\n<p>Plusieurs paires d&rsquo;enceintes de monitoring sont disponibles ( Prosodia Bora, Yamaha NS10, Mackie HR824, Tannoy Precision 8D, KRK V4, &#8230;. ).<\/p>\n","protected":false},"excerpt":{"rendered":"<p>La R\u00e9gie La R\u00e9gie du Stud du Sud fait plus de 35 m\u00b2. Une table de mixage SSL 4000 G+ re\u00e7oit les signaux de toutes les salles annexes, ainsi que des 48 entr\u00e9es \/ sorties de nos 4 convertisseurs. Une table Soundcraft Si Impact, pilotable par tablette dans tout le complexe, permet de g\u00e9rer les [&hellip;]<\/p>\n","protected":false},"author":1,"featured_media":0,"parent":78,"menu_order":1,"comment_status":"closed","ping_status":"closed","template":"","meta":{"footnotes":""},"class_list":["post-35","page","type-page","status-publish","hentry"],"_links":{"self":[{"href":"http:\/\/stud-du-sud.com\/wordpress\/index.php?rest_route=\/wp\/v2\/pages\/35","targetHints":{"allow":["GET"]}}],"collection":[{"href":"http:\/\/stud-du-sud.com\/wordpress\/index.php?rest_route=\/wp\/v2\/pages"}],"about":[{"href":"http:\/\/stud-du-sud.com\/wordpress\/index.php?rest_route=\/wp\/v2\/types\/page"}],"author":[{"embeddable":true,"href":"http:\/\/stud-du-sud.com\/wordpress\/index.php?rest_route=\/wp\/v2\/users\/1"}],"replies":[{"embeddable":true,"href":"http:\/\/stud-du-sud.com\/wordpress\/index.php?rest_route=%2Fwp%2Fv2%2Fcomments&post=35"}],"version-history":[{"count":32,"href":"http:\/\/stud-du-sud.com\/wordpress\/index.php?rest_route=\/wp\/v2\/pages\/35\/revisions"}],"predecessor-version":[{"id":1853,"href":"http:\/\/stud-du-sud.com\/wordpress\/index.php?rest_route=\/wp\/v2\/pages\/35\/revisions\/1853"}],"up":[{"embeddable":true,"href":"http:\/\/stud-du-sud.com\/wordpress\/index.php?rest_route=\/wp\/v2\/pages\/78"}],"wp:attachment":[{"href":"http:\/\/stud-du-sud.com\/wordpress\/index.php?rest_route=%2Fwp%2Fv2%2Fmedia&parent=35"}],"curies":[{"name":"wp","href":"https:\/\/api.w.org\/{rel}","templated":true}]}}