{"id":100,"date":"2015-09-27T16:12:15","date_gmt":"2015-09-27T15:12:15","guid":{"rendered":"http:\/\/stud-du-sud.com\/wordpress\/?page_id=100"},"modified":"2024-10-28T10:50:15","modified_gmt":"2024-10-28T09:50:15","slug":"liens","status":"publish","type":"page","link":"http:\/\/stud-du-sud.com\/wordpress\/?page_id=100","title":{"rendered":"Liens"},"content":{"rendered":"\n<div class=\"wp-block-group\"><div class=\"wp-block-group__inner-container is-layout-flow wp-block-group-is-layout-flow\">\n<h2>Liens<\/h2>\n<p>Voici une petite collection de Liens que nous utilisons tr\u00e8s r\u00e9guli\u00e8rement, class\u00e9s par cat\u00e9gorie :<\/p>\n<p>&#8212;&#8212;&#8212;&#8212;&#8212;&#8212;&#8212;&#8212;&#8212;&#8212;&#8212;&#8212;&#8212;&#8212;&#8212;&#8212;&#8212;&#8212;&#8212;&#8212;<\/p>\n<p><strong><span style=\"text-decoration: underline;\">Des amis, du coin :<\/span><\/strong><\/p>\n<p><img loading=\"lazy\" decoding=\"async\" class=\"size-full wp-image-1409 alignleft\" src=\"http:\/\/stud-du-sud.com\/wordpress\/wp-content\/uploads\/2018\/04\/luthier-Guitar-setup-213x300.jpg\" alt=\"\" width=\"213\" height=\"300\" \/><\/p>\n<p>\u00a0<\/p>\n<p>\u00a0<\/p>\n<p>\u00a0<\/p>\n<p><a href=\"https:\/\/guitarsetup.fr\/\" target=\"_blank\" rel=\"noopener noreferrer\">Atelier Guitar Setup<\/a> : Customisation haut de gamme d&rsquo;instruments \u00e0 cordes&#8230;<\/p>\n<p>\u00a0<\/p>\n<p>\u00a0<\/p>\n<p>\u00a0<\/p>\n<p>\u00a0<\/p>\n<p><a href=\"http:\/\/www.azemamusique.com\/\" target=\"_blank\" rel=\"noopener noreferrer\"><img loading=\"lazy\" decoding=\"async\" class=\"alignleft wp-image-580\" src=\"http:\/\/stud-du-sud.com\/wordpress\/wp-content\/uploads\/2015\/10\/Azema-Logo-300x212.jpg\" alt=\"Azema Logo\" width=\"143\" height=\"101\" srcset=\"http:\/\/stud-du-sud.com\/wordpress\/wp-content\/uploads\/2015\/10\/Azema-Logo-300x212.jpg 300w, http:\/\/stud-du-sud.com\/wordpress\/wp-content\/uploads\/2015\/10\/Azema-Logo.jpg 354w\" sizes=\"auto, (max-width: 143px) 100vw, 143px\" \/><\/a><\/p>\n<p>\u00a0<\/p>\n<p><a href=\"http:\/\/www.azemamusique.com\/\" target=\"_blank\" rel=\"noopener noreferrer\">Az\u00e9ma Musique<\/a> : Le magasin de guitares et sono du Sud de la France.<\/p>\n<p>\u00a0<\/p>\n<p>\u00a0<\/p>\n<p><a href=\"http:\/\/www.singleended.fr\/\" target=\"_blank\" rel=\"noopener noreferrer\"><img loading=\"lazy\" decoding=\"async\" class=\"wp-image-1321 size-medium alignleft\" src=\"http:\/\/stud-du-sud.com\/wordpress\/wp-content\/uploads\/2016\/08\/SingleEnded-logo-300x68.png\" alt=\"\" width=\"300\" height=\"68\" srcset=\"http:\/\/stud-du-sud.com\/wordpress\/wp-content\/uploads\/2016\/08\/SingleEnded-logo-300x68.png 300w, http:\/\/stud-du-sud.com\/wordpress\/wp-content\/uploads\/2016\/08\/SingleEnded-logo.png 435w\" sizes=\"auto, (max-width: 300px) 100vw, 300px\" \/><\/a><\/p>\n<p><a href=\"http:\/\/www.singleended.fr\/\" target=\"_blank\" rel=\"noopener noreferrer\">SingleEnded<\/a> : Le r\u00e9parateur concepteur \u00e9lectronique et amplis lampes sur Montpellier, toujours dispo pour nous d\u00e9patouiller rapidement.<\/p>\n<p>\u00a0<\/p>\n<p><a href=\"http:\/\/www.notyourfan.com\/\" target=\"_blank\" rel=\"noopener noreferrer\"><img loading=\"lazy\" decoding=\"async\" class=\"alignleft wp-image-575\" src=\"http:\/\/stud-du-sud.com\/wordpress\/wp-content\/uploads\/2015\/10\/Not-your-fan-Radio-Logo-3.jpg\" alt=\"Not your fan Radio Logo 3\" width=\"112\" height=\"127\" \/><\/a><\/p>\n<p>\u00a0<\/p>\n<p><a href=\"http:\/\/www.notyourfan.com\/\" target=\"_blank\" rel=\"noopener noreferrer\">Not Your Fan Radio<\/a> : La Web Radio Pop Rock sur Montpellier, toujours disponible pour diffuser des Artistes locaux&#8230; A noter l&rsquo;ouverture de <strong>salles de r\u00e9pets<\/strong> et <strong>salle de concert<\/strong> sur Vendargues !!!<\/p>\n<p>\u00a0<\/p>\n<p><img loading=\"lazy\" decoding=\"async\" class=\"wp-image-1772 size-thumbnail alignleft\" src=\"http:\/\/stud-du-sud.com\/wordpress\/wp-content\/uploads\/2024\/10\/acoustik-logo-150x150.png\" alt=\"\" width=\"150\" height=\"150\" srcset=\"http:\/\/stud-du-sud.com\/wordpress\/wp-content\/uploads\/2024\/10\/acoustik-logo-150x150.png 150w, http:\/\/stud-du-sud.com\/wordpress\/wp-content\/uploads\/2024\/10\/acoustik-logo-300x300.png 300w, http:\/\/stud-du-sud.com\/wordpress\/wp-content\/uploads\/2024\/10\/acoustik-logo.png 600w\" sizes=\"auto, (max-width: 150px) 100vw, 150px\" \/><\/p>\n<p>\u00a0<\/p>\n<p><a href=\"https:\/\/ecole-acoustik.com\/\" target=\"_blank\" rel=\"noopener\">\u00c9cole Acoustik<\/a> : l&rsquo;\u00e9cole du son dans la r\u00e9gion de Montpellier, des locaux superbement \u00e9quip\u00e9s et une \u00e9quipe de passionn\u00e9s comme enseignants&#8230;<\/p>\n<p>\u00a0<\/p>\n<p>\u00a0<\/p>\n<p>\u00a0<\/p>\n<p><a href=\"http:\/\/www.two-notes.com\/\" target=\"_blank\" rel=\"noopener noreferrer\"><img loading=\"lazy\" decoding=\"async\" class=\"alignleft wp-image-579\" src=\"http:\/\/stud-du-sud.com\/wordpress\/wp-content\/uploads\/2015\/10\/Two-Notes-logo1.jpg\" alt=\"Two Notes logo\" width=\"122\" height=\"114\" \/><\/a><\/p>\n<p>\u00a0<\/p>\n<p><a href=\"http:\/\/www.two-notes.com\/\" target=\"_blank\" rel=\"noopener noreferrer\">Two Notes<\/a> : La soci\u00e9t\u00e9 montpelli\u00e9rraine, sp\u00e9cialiste mondiale de LoadBox, Reamp, simulation de HP, plugins, avec l&rsquo;excellent Guillaume Pille aux manettes &#8230;<\/p>\n<p>\u00a0<\/p>\n<p>\u00a0<\/p>\n<p><img loading=\"lazy\" decoding=\"async\" class=\"size-full wp-image-1473 alignleft\" src=\"http:\/\/stud-du-sud.com\/wordpress\/wp-content\/uploads\/2018\/05\/ZIK.png\" alt=\"\" width=\"197\" height=\"197\" srcset=\"http:\/\/stud-du-sud.com\/wordpress\/wp-content\/uploads\/2018\/05\/ZIK.png 197w, http:\/\/stud-du-sud.com\/wordpress\/wp-content\/uploads\/2018\/05\/ZIK-150x150.png 150w\" sizes=\"auto, (max-width: 197px) 100vw, 197px\" \/><\/p>\n<p>\u00a0<\/p>\n<p><a href=\"https:\/\/zikoccitanie.fr\/\" target=\"_blank\" rel=\"noopener\">Zik&rsquo;Occitanie<\/a> : L&rsquo;annuaire incontournable du Sud de la France, Artistes, Luthiers, Salle de concerts, Studios, Salles de R\u00e9pets, &#8230;.<\/p>\n<p>\u00a0<\/p>\n<p>\u00a0<\/p>\n<hr \/>\n<p><strong><span style=\"text-decoration: underline;\">Liens vers les Ressources et Forums :<\/span><\/strong><\/p>\n<p><img loading=\"lazy\" decoding=\"async\" class=\"size-full wp-image-1483 alignleft\" src=\"http:\/\/stud-du-sud.com\/wordpress\/wp-content\/uploads\/2018\/05\/DevenirIngeSonCom.jpg\" alt=\"\" width=\"200\" height=\"200\" srcset=\"http:\/\/stud-du-sud.com\/wordpress\/wp-content\/uploads\/2018\/05\/DevenirIngeSonCom.jpg 200w, http:\/\/stud-du-sud.com\/wordpress\/wp-content\/uploads\/2018\/05\/DevenirIngeSonCom-150x150.jpg 150w\" sizes=\"auto, (max-width: 200px) 100vw, 200px\" \/><\/p>\n<p>\u00a0<\/p>\n<p>\u00a0<\/p>\n<p><a href=\"https:\/\/deveniringeson.com\/\" target=\"_blank\" rel=\"noopener\">DevenirIngeSon.com<\/a> : Jeune site fran\u00e7ais bourr\u00e9 de conseils pratiques et d\u2019Interviews passionnants, \u00e0 d\u00e9couvrir d&rsquo;urgence !!<\/p>\n<p>\u00a0<\/p>\n<p>\u00a0<\/p>\n<p><img loading=\"lazy\" decoding=\"async\" class=\"alignleft wp-image-1751 size-medium\" src=\"http:\/\/stud-du-sud.com\/wordpress\/wp-content\/uploads\/2024\/10\/mixwith_cover-e1730108847431-300x131.jpg\" alt=\"\" width=\"300\" height=\"131\" srcset=\"http:\/\/stud-du-sud.com\/wordpress\/wp-content\/uploads\/2024\/10\/mixwith_cover-e1730108847431-300x131.jpg 300w, http:\/\/stud-du-sud.com\/wordpress\/wp-content\/uploads\/2024\/10\/mixwith_cover-e1730108847431-1024x447.jpg 1024w, http:\/\/stud-du-sud.com\/wordpress\/wp-content\/uploads\/2024\/10\/mixwith_cover-e1730108847431-768x336.jpg 768w, http:\/\/stud-du-sud.com\/wordpress\/wp-content\/uploads\/2024\/10\/mixwith_cover-e1730108847431-1536x671.jpg 1536w, http:\/\/stud-du-sud.com\/wordpress\/wp-content\/uploads\/2024\/10\/mixwith_cover-e1730108847431.jpg 1632w\" sizes=\"auto, (max-width: 300px) 100vw, 300px\" \/><\/p>\n<p>\u00a0<\/p>\n<p><a href=\"https:\/\/mixwiththemasters.com\/fr\/\" target=\"_blank\" rel=\"noopener\">Mix With The Masters<\/a> : Incontournable site de vid\u00e9os sur le mix, la pr\u00e9production, le mastering, l&rsquo;enregistrement, &#8230;. Le tout par les grands ma\u00eetres des ing\u00e9s sons mondiaux&#8230;<\/p>\n<p>\u00a0<\/p>\n<p>\u00a0<\/p>\n<p><a class=\"http:\/\/www.gearslutz.com\" href=\"http:\/\/www.gearslutz.com\" target=\"_blank\" rel=\"http:\/\/www.gearslutz.com noopener noreferrer\"><img loading=\"lazy\" decoding=\"async\" class=\"http:\/\/www.gearslutz.com alignleft wp-image-546\" src=\"http:\/\/stud-du-sud.com\/wordpress\/wp-content\/uploads\/2015\/10\/Logo-Gearslutz.png\" alt=\"Liens vers Gearslutz\" width=\"163\" height=\"62\" \/><\/a><a href=\"https:\/\/gearspace.com\/\" target=\"_blank\" rel=\"noopener noreferrer\">Gearspace<\/a> : ( anciennement Gearslutz ) Un \u00e9nooorme forum am\u00e9ricain, une mine d&rsquo;information pour les Ing\u00e9nieurs du son d\u00e9chiffrant un peu l&rsquo;Anglais.<\/p>\n<p>\u00a0<\/p>\n<p><a href=\"http:\/\/fr.audiofanzine.com\/\" target=\"_blank\" rel=\"noopener noreferrer\"><img loading=\"lazy\" decoding=\"async\" class=\"alignleft wp-image-548 size-thumbnail\" src=\"http:\/\/stud-du-sud.com\/wordpress\/wp-content\/uploads\/2015\/10\/AudioFanzine-Logo-3-150x112.jpg\" alt=\"Liens vers AudioFanzine\" width=\"150\" height=\"112\" \/><\/a><\/p>\n<p>\u00a0<\/p>\n<p><a href=\"http:\/\/fr.audiofanzine.com\/\" target=\"_blank\" rel=\"noopener noreferrer\">AudioFanzine<\/a> : Site francophone pour les ing\u00e9s sons, avec les conseil de notre ami Nantho.<\/p>\n<p>\u00a0<\/p>\n<p><a href=\"http:\/\/www.soundonsound.com\" target=\"_blank\" rel=\"noopener noreferrer\"><img loading=\"lazy\" decoding=\"async\" class=\"alignleft wp-image-542 size-full\" src=\"http:\/\/stud-du-sud.com\/wordpress\/wp-content\/uploads\/2015\/10\/Sound-on-Sound-Logo-2.jpg\" alt=\"Liens vers Sound on Sound\" width=\"160\" height=\"80\" \/><\/a><\/p>\n<p><a href=\"http:\/\/www.soundonsound.com\" target=\"_blank\" rel=\"noopener noreferrer\">SOS<\/a> : Superbe mine d&rsquo;infos, from UK. Ne loupez surtout pas la section des \u00ab\u00a0Secrets of the Mix Engineers\u00a0\u00bb.<\/p>\n<p>\u00a0<\/p>\n<p><a href=\"http:\/\/www.producelikeapro.com\/\" target=\"_blank\" rel=\"noopener noreferrer\"><img loading=\"lazy\" decoding=\"async\" class=\"alignleft wp-image-535 size-thumbnail\" src=\"http:\/\/stud-du-sud.com\/wordpress\/wp-content\/uploads\/2015\/10\/Produce-Like-a-Pro-Logo-150x150.jpg\" alt=\"Produce Like a Pro Logo\" width=\"150\" height=\"150\" srcset=\"http:\/\/stud-du-sud.com\/wordpress\/wp-content\/uploads\/2015\/10\/Produce-Like-a-Pro-Logo-150x150.jpg 150w, http:\/\/stud-du-sud.com\/wordpress\/wp-content\/uploads\/2015\/10\/Produce-Like-a-Pro-Logo.jpg 204w\" sizes=\"auto, (max-width: 150px) 100vw, 150px\" \/><\/a><\/p>\n<p>\u00a0<\/p>\n<p><a href=\"http:\/\/www.producelikeapro.com\/\" target=\"_blank\" rel=\"noopener noreferrer\">Produce Like a pro<\/a> : Le site de l&rsquo;excellent Warren Huart proposant des concours et des vid\u00e9os de formation&#8230;<\/p>\n<p>\u00a0<\/p>\n<p style=\"text-align: left;\">&#8212;&#8212;&#8212;&#8212;&#8212;&#8212;&#8212;&#8212;&#8212;&#8212;&#8212;&#8212;&#8212;&#8212;&#8212;&#8212;&#8212;&#8212;&#8212;&#8212;<\/p>\n<p><strong><span style=\"text-decoration: underline;\">Des influences :<\/span><\/strong><\/p>\n<p><a href=\"http:\/\/www.mixthis.com\/home.html\" target=\"_blank\" rel=\"noopener noreferrer\"><img loading=\"lazy\" decoding=\"async\" class=\"alignleft wp-image-567\" src=\"http:\/\/stud-du-sud.com\/wordpress\/wp-content\/uploads\/2015\/10\/Mix-This-image.jpg\" alt=\"Mix This image\" width=\"212\" height=\"114\" \/><\/a><\/p>\n<p><a href=\"http:\/\/www.mixthis.com\/home.html\" target=\"_blank\" rel=\"noopener noreferrer\">Bob Clearmountain <\/a>: Le \u00ab\u00a0Papa\u00a0\u00bb des mixeurs \u00ab\u00a0modernes\u00a0\u00bb, p\u00e8re spirituels des CLA, TLA, Manny, &#8230; ( Springsteen, Bowie, Rolling Stones, Toto, Bryan Adams, &#8230; )<\/p>\n<p>\u00a0<\/p>\n<p>\u00a0<\/p>\n<p><a href=\"http:\/\/chrislordalge.com\/\" target=\"_blank\" rel=\"noopener noreferrer\"><img loading=\"lazy\" decoding=\"async\" class=\"alignleft wp-image-566\" src=\"http:\/\/stud-du-sud.com\/wordpress\/wp-content\/uploads\/2015\/10\/CLA-Image-300x53.jpg\" alt=\"CLA Image\" width=\"254\" height=\"45\" srcset=\"http:\/\/stud-du-sud.com\/wordpress\/wp-content\/uploads\/2015\/10\/CLA-Image-300x53.jpg 300w, http:\/\/stud-du-sud.com\/wordpress\/wp-content\/uploads\/2015\/10\/CLA-Image.jpg 483w\" sizes=\"auto, (max-width: 254px) 100vw, 254px\" \/>Chris Lord Alge<\/a> : Un ing\u00e9 son incontournable actuellement ( Green Day, Springsteen, Muse, &#8230; ). Son fr\u00e8re Tom est \u00e9galement tr\u00e8s int\u00e9ressant&#8230;<\/p>\n<p><a href=\"https:\/\/www.facebook.com\/markspikestent\/info?tab=page_info\" target=\"_blank\" rel=\"noopener noreferrer\"><img loading=\"lazy\" decoding=\"async\" class=\"alignleft wp-image-561\" src=\"http:\/\/stud-du-sud.com\/wordpress\/wp-content\/uploads\/2015\/10\/Mark-Spike-Stent-Logo.jpg\" alt=\"Mark Spike Stent Logo\" width=\"185\" height=\"185\" srcset=\"http:\/\/stud-du-sud.com\/wordpress\/wp-content\/uploads\/2015\/10\/Mark-Spike-Stent-Logo.jpg 168w, http:\/\/stud-du-sud.com\/wordpress\/wp-content\/uploads\/2015\/10\/Mark-Spike-Stent-Logo-150x150.jpg 150w\" sizes=\"auto, (max-width: 185px) 100vw, 185px\" \/><\/a><\/p>\n<p>\u00a0<\/p>\n<p><a href=\"https:\/\/www.facebook.com\/markspikestent\/info?tab=page_info\" target=\"_blank\" rel=\"noopener noreferrer\">Mark \u00ab\u00a0Spike\u00a0\u00bb Stent<\/a> : Un autre\u00a0 incontournable -mais tr\u00e8s discret- ( Bj\u00f6rk, U2, No Doubt, Madonna, &#8230; ), au son toujours maitris\u00e9.<\/p>\n<p>\u00a0<\/p>\n<p>\u00a0<\/p>\n<p>\u00a0<\/p>\n<p><a href=\"http:\/\/www.mbrauer.com\/\" target=\"_blank\" rel=\"noopener noreferrer\"><img loading=\"lazy\" decoding=\"async\" class=\"alignleft wp-image-563 \" src=\"http:\/\/stud-du-sud.com\/wordpress\/wp-content\/uploads\/2015\/10\/BRAUER-Image.gif\" alt=\"BRAUER Image\" width=\"215\" height=\"37\" \/>Michael Brauer<\/a> : Incontournable \u00e9galement ( Coldplay, John Mayer, The Kooks, The Rolling Stones, &#8230; ), ses mixages sont toujours tr\u00e8s fins.<\/p>\n<p><a href=\"http:\/\/www.mannymarroquin.com\/\" target=\"_blank\" rel=\"noopener noreferrer\"><img loading=\"lazy\" decoding=\"async\" class=\"alignleft wp-image-565\" src=\"http:\/\/stud-du-sud.com\/wordpress\/wp-content\/uploads\/2015\/10\/Manny-Logo.png\" alt=\"Manny Logo\" width=\"190\" height=\"92\" \/><\/a><\/p>\n<p><a href=\"http:\/\/www.mannymarroquin.com\/\" target=\"_blank\" rel=\"noopener noreferrer\">Manny Marroquin<\/a> : Plus moderne ( Imagine Dragons, Rihanna, Sia, Jessie J, Bruno Mars, Alicia Keys, &#8230; ), mais toujours superbe.<\/p>\n<p style=\"text-decoration: underline;\">\u00a0<\/p>\n<\/div><\/div>\n","protected":false},"excerpt":{"rendered":"<p>Liens Voici une petite collection de Liens que nous utilisons tr\u00e8s r\u00e9guli\u00e8rement, class\u00e9s par cat\u00e9gorie : &#8212;&#8212;&#8212;&#8212;&#8212;&#8212;&#8212;&#8212;&#8212;&#8212;&#8212;&#8212;&#8212;&#8212;&#8212;&#8212;&#8212;&#8212;&#8212;&#8212; Des amis, du coin : \u00a0 \u00a0 \u00a0 Atelier Guitar Setup : Customisation haut de gamme d&rsquo;instruments \u00e0 cordes&#8230; \u00a0 \u00a0 \u00a0 \u00a0 \u00a0 Az\u00e9ma Musique : Le magasin de guitares et sono du Sud de la France. [&hellip;]<\/p>\n","protected":false},"author":1,"featured_media":0,"parent":7,"menu_order":1,"comment_status":"closed","ping_status":"closed","template":"","meta":{"footnotes":""},"class_list":["post-100","page","type-page","status-publish","hentry"],"_links":{"self":[{"href":"http:\/\/stud-du-sud.com\/wordpress\/index.php?rest_route=\/wp\/v2\/pages\/100","targetHints":{"allow":["GET"]}}],"collection":[{"href":"http:\/\/stud-du-sud.com\/wordpress\/index.php?rest_route=\/wp\/v2\/pages"}],"about":[{"href":"http:\/\/stud-du-sud.com\/wordpress\/index.php?rest_route=\/wp\/v2\/types\/page"}],"author":[{"embeddable":true,"href":"http:\/\/stud-du-sud.com\/wordpress\/index.php?rest_route=\/wp\/v2\/users\/1"}],"replies":[{"embeddable":true,"href":"http:\/\/stud-du-sud.com\/wordpress\/index.php?rest_route=%2Fwp%2Fv2%2Fcomments&post=100"}],"version-history":[{"count":105,"href":"http:\/\/stud-du-sud.com\/wordpress\/index.php?rest_route=\/wp\/v2\/pages\/100\/revisions"}],"predecessor-version":[{"id":1803,"href":"http:\/\/stud-du-sud.com\/wordpress\/index.php?rest_route=\/wp\/v2\/pages\/100\/revisions\/1803"}],"up":[{"embeddable":true,"href":"http:\/\/stud-du-sud.com\/wordpress\/index.php?rest_route=\/wp\/v2\/pages\/7"}],"wp:attachment":[{"href":"http:\/\/stud-du-sud.com\/wordpress\/index.php?rest_route=%2Fwp%2Fv2%2Fmedia&parent=100"}],"curies":[{"name":"wp","href":"https:\/\/api.w.org\/{rel}","templated":true}]}}